683. Give s(10).
-33
Let w(f) = -8*f**2 + 23*f + 8. Give w(5).
-77
Let d(k) = 4*k**3 - 2*k**2 + 235*k - 233. What is d(1)?
4
Let x(n) = -811*n - 4851. Determine x(-6).
15
Let o(b) = -169*b - 21974. Calculate o(-130).
-4
Let z(w) = 3*w**2 - 75*w - 43. Give z(24).
-115
Let b(w) = -6*w**3 - 51*w**2 + w - 17. What is b(-9)?
217
Let n(l) = -126*l + 251. What is n(2)?
-1
Let q(b) = -b**2 + 64*b - 148. Give q(61).
35
Let z(m) = -m**3 + 26*m**2 - 163*m - 13. What is z(11)?
9
Let q(p) = 15*p**2 + 41*p + 6. Determine q(-2).
-16
Let r(k) = -8*k**3 + 15*k**2 + 14*k - 3. Determine r(-1).
6
Let p(y) = -75*y - 55. Calculate p(-1).
20
Let v(r) = -22*r**3 - 74*r**2 - 27*r - 3. Calculate v(-3).
6
Let k(n) = 4*n**2 + 238*n + 151. Determine k(-59).
33
Let t(b) = -4*b**2 - 172*b - 1210. Determine t(-34).
14
Let n(o) = 10*o**2 + 376*o + 2. Calculate n(-39).
548
Let h(l) = l**3 - 4*l**2 - 116*l + 12. What is h(-9)?
3
Let x(q) = 12*q + 127. What is x(13)?
283
Let v(b) = 27*b - 94. What is v(-3)?
-175
Let z(m) = -945*m + 2751. Determine z(3).
-84
Let l(k) = k**3 + 12*k**2 + 40*k + 33. Calculate l(-3).
-6
Let a(q) = q**2 - 31*q + 101. Determine a(27).
-7
Let l(w) = -2*w**3 + 6*w**2 + 9*w + 10. Calculate l(6).
-152
Let f(v) = 7*v**3 + 9*v**2 - 8*v + 11. What is f(-5)?
-599
Let y(k) = k**2 + 23*k - 57. Give y(6).
117
Let b(p) = -p + 339. Calculate b(-52).
391
Let z(h) = -4*h**3 - 125*h**2 - 28*h + 20. What is z(-31)?
-73
Let j(z) = 49*z + 4879. Give j(-97).
126
Let d(m) = -36*m - 15. Give d(0).
-15
Let t(y) = 8*y**3 - 399*y**2 - 47*y - 132. What is t(50)?
18
Let f(c) = 85*c - 2365. Calculate f(28).
15
Let v(d) = 135*d**2 - 53*d + 12. Determine v(1).
94
Let s(d) = 4*d**3 + 19*d**2 + 33*d + 196. Give s(-5).
6
Let y(t) = 6*t**2 + 33*t - 312. Calculate y(10).
618
Let r(u) = -u**3 - 18*u**2 - 26*u + 22. What is r(-17)?
175
Let b(d) = 288*d - 7483. Determine b(26).
5
Let p(b) = b**2 + b - 38. Calculate p(7).
18
Let g(f) = 2*f**3 - 23*f**2 - 177*f + 1544. Give g(14).
46
Let m(u) = u**2 + 37*u + 199. What is m(-33)?
67
Let i(u) = 18*u - 37. Calculate i(2).
-1
Let v(w) = -187*w + 915. What is v(9)?
-768
Let a(r) = -1174*r - 68089. What is a(-58)?
3
Let y(w) = -w**3 + 167*w**2 + 546*w - 63504. Give y(168).
0
Let h(m) = -m**3 - 4*m**2 + 29*m - 312. Determine h(-10).
-2
Let p(y) = 175*y - 3706. What is p(21)?
-31
Let a(f) = f**3 + 59*f**2 + 410*f + 103. Determine a(-51).
1
Let h(y) = y**2 - 10*y - 28. Determine h(12).
-4
Let m(o) = -o**2 + 3*o + 321. What is m(-17)?
-19
Let a(z) = -177*z - 20894. Determine a(-118).
-8
Let t(h) = h**2 + 53*h + 624. Give t(-20).
-36
Let i(d) = -3*d**2 - 179*d - 118. Determine i(-63).
-748
Let k(r) = 138*r - 979. Calculate k(7).
-13
Let u(z) = -2*z**3 - 445*z**2 + 675*z + 676. Determine u(-224).
4
Let s(n) = 104*n + 207. What is s(-2)?
-1
Let y(i) = 5*i - 47. Calculate y(48).
193
Let k(p) = -p**2 - 20*p + 86. Determine k(7).
-103
Let w(s) = s**3 + 6*s**2 + 84*s + 259. Give w(-3).
34
Let t(h) = h**3 + 263*h**2 + 10649*h - 53. What is t(-50)?
-3
Let z(d) = 3*d**3 - 28*d**2 - 30*d + 1. Determine z(10).
-99
Let w(j) = j**3 - 188*j - 566. Give w(-3).
-29
Let k(w) = 34*w - 101. Determine k(3).
1
Let r(s) = -657*s - 23664. What is r(-36)?
-12
Let g(n) = -20*n - 99. Determine g(-6).
21
Let b(l) = 8*l**2 - 66*l - 79. Determine b(9).
-25
Let b(f) = -30*f - 295. What is b(-9)?
-25
Let y(p) = p**3 - 5*p**2 - 22*p + 51. Give y(8).
67
Let r(w) = -w**3 + 6*w**2 + w - 31. Determine r(8).
-151
Let q(k) = -k**3 - 15*k**2 + 10*k - 67. What is q(-16)?
29
Let y(l) = l**3 - 7*l**2 - 109*l + 160. Give y(14).
6
Let v(j) = -j**3 + 7*j**2 + 25*j + 37. Calculate v(8).
173
Let w(h) = -5*h**2 - 187*h - 278. Calculate w(-35).
142
Let h(j) = -58*j - 115. Determine h(-4).
117
Let r(q) = 34*q**2 + 1359*q - 48. Calculate r(-40).
-8
Let a(p) = -p**2 - 96*p + 1394. Give a(13).
-23
Let a(x) = 3*x**3 + 14*x**2 - 6*x + 7. Calculate a(-4).
63
Let f(n) = -28*n**2 + 8*n - 12. Determine f(2).
-108
Let w(z) = -12*z - 2130. What is w(-168)?
-114
Let c(k) = -k**3 - 34*k**2 + 86*k + 296. Give c(-36).
-208
Let o(t) = -2*t**2 + 315*t + 9322. Calculate o(183).
-11
Let u(p) = -p**2 - 13*p - 149. What is u(0)?
-149
Let g(t) = -t**3 - 15*t**2 - 27*t. What is g(-13)?
13
Let b(m) = 3757*m - 97678. Determine b(26).
4
Let f(w) = 2*w**3 - 6*w**2 - 4*w - 11. Calculate f(5).
69
Let m(n) = 220*n + 7250. Give m(-33).
-10
Let c(y) = 39*y - 296. Give c(7).
-23
Let s(c) = -c**3 - 14*c**2 - 20*c + 89. What is s(-12)?
41
Let c(y) = -194*y + 21926. What is c(113)?
4
Let z(t) = 2*t**3 - 14*t**2 - 7*t + 39. Determine z(7).
-10
Let d(m) = -2217*m - 24404. What is d(-11)?
-17
Let d(n) = -2*n**2 - 33*n + 28. Calculate d(-12).
136
Let t(x) = -758*x - 81869. Determine t(-108).
-5
Let w(p) = 20*p - 393. Determine w(28).
167
Let d(u) = -u**3 - 37*u**2 - 250*u + 9. Calculate d(-9).
-9
Let o(y) = -y**3 + 67*y**2 + 437*y + 240. Determine o(73).
167
Let t(n) = 2*n**3 - 6*n**2 - 559*n + 2203. Give t(4).
-1
Let t(k) = 2*k**2 + 417*k + 2055. Give t(-5).
20
Let j(k) = -38*k**2 + 74*k + 12. Determine j(2).
8
Let a(j) = -28*j**3 + 21*j**2 - 22*j + 1. What is a(1)?
-28
Let x(c) = 2939*c - 26454. Determine x(9).
-3
Let h(j) = 855*j + 2561. Give h(-3).
-4
Let f(v) = -v**3 + 5*v**2 + 44*v - 1. Calculate f(10).
-61
Let w(x) = -x**2 + 17*x + 66. What is w(19)?
28
Let f(o) = -245*o + 2910. What is f(12)?
-30
Let m(s) = 9*s**2 + 5*s + 8. Determine m(0).
8
Let a(g) = 18*g**2 + 211*g + 57. Give a(-12).
117
Let n(k) = 202*k**2 + 595*k - 14. Give n(-3).
19
Let x(k) = k**2 - 690*k - 4895. Determine x(-7).
-16
Let n(q) = -q**2 + 38*q - 154. Give n(5).
11
Let n(z) = -224*z + 26209. Determine n(117).
1
Let x(l) = l**3 - l**2 - 22*l + 36. Determine x(0).
36
Let v(d) = 2*d**3 + 49*d**2 + 91*d + 2920. Give v(-25).
20
Let s(f) = -52*f - 270. Determine s(-4).
-62
Let w(a) = -2*a**3 - 56*a**2 - 358*a - 32. What is w(-18)?
-68
Let s(z) = -2*z**2 + 136*z + 9880. Calculate s(-44).
24
Let p(h) = -2*h**3 - 6*h**2 + 72*h + 57. Give p(5).
17
Let z(q) = -3*q**2 + 4*q + 84. Give z(-10).
-256
Let n(a) = -a**3 - 47*a**2 - 42*a + 188. Give n(-46).
4
Let k(i) = 2*i**2 - 98*i - 152. Calculate k(51).
52
Let p(r) = -r**3 - 13*r**2 - 13*r + 163. Calculate p(-10).
-7
Let l(o) = 6*o**2 - 183*o + 291. Give l(29).
30
Let t(u) = 11*u**2 - 110*u - 19. What is t(6)?
-283
Let g(z) = 5*z**2 - 205*z - 4. Give g(41).
-4
Let j(m) = 785*m + 6281. Give j(-8).
1
Let g(a) = 431*a + 430. What is g(-1)?
-1
Let f(y) = -y**3 + 14*y**2 - 35*y + 21. Give f(5).
71
Let u(n) = -145*n - 1852. Determine u(-12).
-112
Let m(a) = -7868*a + 31465. Determine m(4).
-7
Let d(p) = 17*p + 80. Calculate d(7).
199
Let p(g) = -g**2 + 17*g - 184. What is p(0)?
-184
Let q(h) = -h**3 + 8*h**2 + 54*h + 8. Determine q(12).
80
Let t(d) = -8*d**2 + 7*d - 65. Give t(5).
-230
Let h(d) = -17*d**2 + 617*d - 173. Determine h(36).
7
Let q(z) = z**3 + 45*z**2 - 359*z - 51. Give q(7).
-16
Let l(t) = -t**3 + 15*t**2 + 26*t + 15. What is l(16)?
175
Let v(q) = -36*q**2 - 5*q. Determine v(-2).
-134
Let b(x) = -1277*x - 7369. What is b(-6)?
293
Let o(p) = 6*p**3 - 29*p**2 + 33*p - 4. Calculate o(1).
6
Let m(r) = -2*r**2 - 125*r + 473. Give m(-66).
11
Let q(s) = s**3 - 245*s**2 + 486*s + 31. Determine q(243).
31
Let s(l) = -6*l**2 + 21*l + 72. Determine s(-3).
-45
Let s(o) = 2*o**2 + 5*o - 1601. Determine s(27).
-8
Let g(j) = j**3 + 3*j**2 - 66*j - 294. Determine g(-5).
-14
Let p(l) = -3*l**2 - 685*l - 11359. What is p(-18)?
-1
Let x(k) = 3*k**3 - 18*k**2 + 6*k + 3. Determine x(6).
39
Let r(d) = -d**3 - 14*d**2 + 17*d + 241. Calculate r(-14).
3
Let z(a) = a**3 + 8*a**2 + 39*a + 28. What is z(-7)?
-196
Let a(j) = -17*j**2 + 796*j + 164. What is a(47)?
23
Let w(k) = k**3 - 36*k**2 - 156*k - 162. Calculate w(40).
-2
Let h(z) = z**3 + 25*z**2 - 116*z - 3. Calculate h(-29).
-3
Let o(h) = -h**3 + 19*h**2 - 55*h - 37. Give o(15).
38
Let c(i) = -346*i - 1736. Determine c(-5).
-6
Let g(s) = -2*s**2 - 144*s + 2630. What is g(-87)?
20
Let z(d) = -727*d + 6560. Determine z(9).
17
Let v(z) = -z**2 + 504*z - 17704. Calculate v(38).
4
Let o(m) = -m**2 + 120*m - 3422. Determine o(74).
-18
Let f(s) = s**2 - 5*s - 99. Calculate f(13).
5
Let q(b) = 15*b**2 + 182*b + 18. Determine q(-12).
-6
Let q(s) = -3*s**3 - 44*s**2 - 35*s + 9. Calculate q(-8).
